*2 - 86264*z - 1517. Calculate q(-380).
3
Let o(n) = 9783*n + 78274. Give o(-8).
10
Let l(c) = 2*c**3 + 47*c**2 + 556*c + 945. What is l(-2)?
5
Let k(q) = 173*q - 20359. Give k(145).
4726
Let s(h) = 2*h**3 - 117*h**2 - 173*h - 548. Calculate s(60).
-128
Let d(j) = 74*j**2 - 66*j + 236. Give d(4).
1156
Let i(k) = -7*k**2 + 8323*k - 58278. What is i(7)?
-360
Let m(q) = -2*q**3 - 37*q**2 + 58*q + 343. What is m(-19)?
-398
Let u(n) = -11*n**2 - 195*n + 397. Calculate u(2).
-37
Let y(h) = -3*h**2 - 139*h + 504. What is y(-53)?
-556
Let s(v) = -261*v**2 - 6880*v + 4538. What is s(-27)?
29
Let m(d) = -d**3 - 3*d**2 - 3*d - 35. Calculate m(-5).
30
Let k(w) = w**2 + 11003*w - 1684239. Determine k(151).
15
Let r(k) = 260*k**2 - 203*k + 401. What is r(2)?
1035
Let q(r) = -34616*r + 69233. What is q(2)?
1
Let g(l) = 2*l**2 + 5700*l + 437821. What is g(-79)?
3
Let k(v) = 828*v + 11800. What is k(-14)?
208
Let q(d) = 7*d**2 + 948*d - 17489. Calculate q(-152).
143
Let w(i) = 26160*i - 392477. Calculate w(15).
-77
Let j(h) = 1038*h**2 - 9339*h - 2. Give j(9).
25
Let g(f) = 12*f**2 + 729*f + 8597. Determine g(-16).
5
Let i(k) = k**3 - 18*k**2 - 31*k + 268. Calculate i(17).
-548
Let u(q) = -q**3 - 177*q**2 - 177*q - 91. What is u(-176)?
85
Let q(z) = 7*z**2 + 1366*z - 124927. Determine q(-263).
-2
Let h(g) = -g**3 - 100*g**2 - 84*g + 1537. Give h(-99).
52
Let g(c) = -241*c + 34967. Calculate g(145).
22
Let o(q) = -2*q**2 - 190*q - 813. Give o(-85).
887
Let w(i) = -300*i - 336. Determine w(-2).
264
Let o(f) = 2037*f + 24444. Calculate o(-12).
0
Let f(m) = -65369*m - 1307371. Determine f(-20).
9
Let c(k) = -k**2 - 3134*k - 573102. Calculate c(-195).
3
Let d(k) = -202*k**3 - k**2 + 84*k + 84. What is d(-1)?
201
Let z(i) = 370*i - 79154. What is z(214)?
26
Let c(o) = 3*o**2 + 4*o + 622. What is c(7)?
797
Let v(o) = -6*o**3 + 1675*o**2 - 280*o - 198. What is v(279)?
-477
Let q(b) = b**3 + 97*b**2 + 295*b + 100. Give q(-94).
-1122
Let w(g) = 81*g**3 - 732*g**2 + 120*g - 843. Calculate w(9).
-6
Let l(y) = 2135*y - 1219077. Determine l(571).
8
Let d(h) = 22297*h + 535155. Give d(-24).
27
Let m(f) = f**2 - 7549*f - 83016. What is m(-11)?
144
Let i(q) = 22657*q - 157751. Determine i(7).
848
Let h(y) = -2*y**2 + 339*y + 2479. Calculate h(-7).
8
Let x(t) = 7*t**2 + 541*t - 1265. Determine x(0).
-1265
Let i(l) = -87332*l - 262014. Give i(-3).
-18
Let h(q) = 12*q**2 - 130*q + 8. Give h(7).
-314
Let i(y) = 2*y**2 + 3207*y + 21. Determine i(0).
21
Let s(w) = w**3 + 137*w**2 - 83*w + 7691. Determine s(-138).
101
Let t(d) = 436*d - 3852. Give t(9).
72
Let x(w) = -149*w + 228. What is x(2)?
-70
Let n(j) = 3*j**3 - 323*j**2 + 849*j - 955. Determine n(105).
-10
Let l(v) = -v**3 + 14*v**2 - 214*v + 944. Determine l(6).
-52
Let i(o) = 441*o + 568. Calculate i(-2).
-314
Let x(u) = 78*u**2 - 2841*u - 4679. Calculate x(38).
-5
Let c(d) = d**3 - 39*d**2 + 120*d + 1693. Determine c(-5).
-7
Let x(l) = -494919*l - 1484762. Give x(-3).
-5
Let x(i) = -1684*i + 13468. Calculate x(8).
-4
Let o(v) = -v**3 + 13*v**2 - 42*v + 63. What is o(14)?
-721
Let g(l) = 6099*l + 33441. Calculate g(-6).
-3153
Let f(l) = l**3 - 37*l**2 - 70*l + 175. Calculate f(38).
-1041
Let u(x) = -2*x**3 - 941*x**2 + 76223*x - 31384. Determine u(-541).
-6
Let b(c) = 20*c**2 - 1767*c + 8337. Determine b(5).
2
Let v(l) = 668*l + 118810. Calculate v(-178).
-94
Let i(x) = x**3 - 661*x**2 + 65361*x - 2578. Calculate i(121).
-37
Let j(b) = 142*b**3 + 4*b**2 + 269*b - 272. Determine j(1).
143
Let u(w) = -w**2 + 236*w - 13594. Give u(113).
305
Let o(y) = 2338*y - 467604. Determine o(200).
-4
Let i(l) = -103*l**2 + 1569*l - 66. What is i(14)?
1712
Let p(b) = -21*b**2 + 433*b - 4662. Give p(11).
-2440
Let x(o) = -48976*o - 40. What is x(0)?
-40
Let a(h) = h**3 - 33*h**2 + 148*h + 1287. What is a(25)?
-13
Let r(g) = 2*g**3 + 5*g**2 - 691*g - 5323. Determine r(-12).
233
Let q(z) = 19*z**3 - 3*z**2 + 63*z + 146. Give q(-2).
-144
Let p(l) = 48730*l - 1072068. Calculate p(22).
-8
Let q(v) = 1234*v - 6903. Calculate q(6).
501
Let f(a) = 4329*a + 25958. What is f(-6)?
-16
Let l(q) = -q**3 - 20*q**2 + 67*q - 30. What is l(3)?
-36
Let a(l) = -3*l**3 - 619*l**2 - 8348*l - 17674. Calculate a(-192).
-10
Let w(p) = -80*p**2 + 631*p + 8322. What is w(-7)?
-15
Let c(u) = -139*u + 11032. Determine c(79).
51
Let f(i) = i**2 + 6112*i - 4700883. Calculate f(691).
-10
Let y(n) = 4*n**2 - 6997*n - 13. Determine y(0).
-13
Let h(j) = 82*j**2 + 11554*j - 1124. Give h(-141).
4
Let v(l) = 67921*l - 271689. Calculate v(4).
-5
Let f(i) = -1254*i - 46402. Give f(-37).
-4
Let h(c) = c**3 - 33*c**2 + 95*c - 1030. Calculate h(31).
-7
Let m(j) = -5*j**2 - 926*j + 3612. Determine m(-189).
21
Let p(q) = -q**2 - 471*q + 127351. Give p(192).
55
Let r(y) = 245*y + 57096. Determine r(-233).
11
Let a(o) = 385*o + 33504. Calculate a(-87).
9
Let z(m) = m**2 - 581*m + 49427. Give z(478).
193
Let j(r) = 1701*r**3 - 234740*r**2 + 275*r + 133. Determine j(138).
-5
Let s(p) = 422*p**2 - 21911*p - 1721. Give s(52).
-5
Let n(c) = c**2 - 124*c + 4561. Give n(59).
726
Let y(p) = 2*p**2 - 1626*p - 84470. What is y(-49)?
6
Let z(p) = 2839*p - 228225. Determine z(80).
-1105
Let l(t) = t**3 - 24*t**2 - 4714*t + 104654. Determine l(22).
-22
Let j(f) = 108*f - 2050. Calculate j(17).
-214
Let u(p) = 10410*p - 520489. What is u(50)?
11
Let f(o) = -5*o**2 - 516*o - 8712. What is f(-82)?
-20
Let n(m) = -3575*m + 4014736. Calculate n(1123).
11
Let t(v) = -v**3 - 15*v**2 - 8*v + 168. Give t(-13).
-66
Let q(p) = 3*p**3 - 307*p**2 - 14772*p + 839. Determine q(138).
11
Let f(t) = -10773*t - 64279. Calculate f(-6).
359
Let g(b) = b**3 + 695*b**2 + 7523*b - 699. Determine g(-684).
-15
Let u(j) = j**3 - 39*j**2 - 1018*j + 88. Determine u(-18).
-56
Let h(o) = 1790*o - 12282. Determine h(7).
248
Let c(u) = -162*u**2 - 78731*u + 990. Determine c(-486).
504
Let k(l) = 9*l**2 + 4931*l - 246506. Determine k(-594).
4
Let g(x) = -5733*x + 286859. Determine g(50).
209
Let l(u) = -241*u**2 + 3862*u - 14526. What is l(10)?
-6
Let g(d) = d**2 - 895*d - 12322. Give g(-13).
-518
Let x(v) = -169*v**2 - 14*v + 82. Determine x(2).
-622
Let h(d) = d**3 + 68*d**2 + 441*d + 589. Give h(-61).
-265
Let p(o) = -2*o**3 + 618*o**2 + 2593*o - 27856. Determine p(313).
1
Let v(j) = 2*j**3 + 6*j**2 - 1651*j + 3294. Determine v(2).
32
Let k(u) = u**3 + 50*u**2 + 1443*u + 32087. What is k(-35)?
-43
Let x(f) = 110*f**3 - 991*f**2 + 221*f - 1889. Give x(9).
19
Let y(j) = 2*j**2 - 12*j - 2607. Calculate y(39).
-33
Let z(p) = p**3 + 24*p**2 + 87*p + 1077. Calculate z(-22).
131
Let p(h) = -h**2 - 55*h + 526. What is p(8)?
22
Let o(x) = x**2 + 2725*x + 312746. What is o(-120)?
146
Let j(m) = -m**3 + 22*m**2 - 128*m + 180. Determine j(12).
84
Let l(k) = 1453*k + 360300. Determine l(-248).
-44
Let q(m) = -664*m + 769. Give q(6).
-3215
Let v(h) = h**2 + 5406*h + 64693. Calculate v(-12).
-35
Let v(d) = 13*d**3 + 130*d**2 + 3*d + 16. Determine v(-10).
-14
Let f(q) = -1054*q**3 - 14*q**2 + 30*q - 31. Give f(1).
-1069
Let r(d) = -d**3 + 812*d**2 - 8812*d - 3. Calculate r(11).
-14
Let z(y) = -896*y**2 - 32225*y + 1123. Calculate z(-36).
7
Let m(b) = -b**3 - 6*b**2 - 2378*b + 11856. Determine m(5).
-309
Let v(k) = 1516*k + 8866. Determine v(-6).
-230
Let v(x) = -31*x**2 - 2100*x + 231. Calculate v(-68).
-313
Let q(f) = -4073*f + 22367. Determine q(6).
-2071
Let k(b) = -3*b**3 + 632*b**2 - 2880*b - 304. Give k(206).
520
Let d(b) = 15931*b - 8586804. What is d(539)?
5
Let d(h) = -6148*h + 461091. Determine d(75).
-9
Let n(p) = -6*p**2 + 32156*p + 580729. Determine n(-18).
-23
Let v(b) = b**3 - 11*b**2 + 49*b - 251. Calculate v(5).
-156
Let r(h) = h**3 - 543*h**2 - 1752*h + 657148. Calculate r(544).
-4
Let y(l) = l**2 - 91*l + 1215. Calculate y(15).
75
Let z(i) = -147*i**2 + 86*i - 43. What is z(-3)?
-1624
Let p(o) = 35192*o - 246343. What is p(7)?
1
Let n(a) = -3*a**3 - 117*a**2 - 113*a + 59. Give n(-38).
21
Let j(t) = 14172*t - 85040. Determine j(6).
-8
Let s(i) = 5*i**2 + 246*i - 6883. What is s(-69)?
-52
Let x(d) = d**2 + 3177*d + 378498. What is x(-124)?
-74
Let x(r) = 446*r**2 - 3374*r - 3373. Calculate x(-1).
447
Let k(r) = -r**2 + 32*r + 1883. Determine k(54).
695
Let f(m) = 1122*m + 50449. What is f(-45)?
-41
Let s(d) = -d**3 - 9*d**2